. What is the tens digit of 27564/i - (-2)/(-15)?
5
Let y(j) = 2*j**3 + 94*j + 34 - 21*j**2 - 4*j**2 - 116*j. What is the hundreds digit of y(14)?
3
Let p(w) = -64*w + 32. Let j(b) = -62*b + 33. Let x(k) = 6*j(k) - 7*p(k). What is the hundreds digit of x(2)?
1
Suppose 5*y = 5*b + 150, y + 4*b - 72 = -y. What is the units digit of (-3716)/(-6) - (y/6 - 6)?
0
Let q be 0/3 + -18 - (4 - -1). What is the units digit of (1/3)/(q/(-16284))?
6
Let q(f) = f**3 + 7*f**2 + 9*f + 12. Let c be q(-6). Let m(r) = -3*r**3 - 12*r**2 + 2*r - 11. Let i be m(c). Let u = i + -46. What is the hundreds digit of u?
1
Let d(m) = m**3 - 10*m**2 + 33*m + 42. Let t(a) = -3*a**3 + 28*a**2 - 99*a - 126. Let v(l) = 19*d(l) + 6*t(l). What is the units digit of v(21)?
4
Let v = 41 + -25. Let i(r) = -v + 5*r + 17 + 24 + 17. What is the units digit of i(17)?
7
Let w be (339/15)/((-4)/10)*-2. Suppose w = 9*m - 112. What is the tens digit of m?
2
What is the ten thousands digit of 3635242/70 - 448/15680?
5
Suppose 45958 = 4*f - 2*g, 2*f + 8200 - 31188 = -2*g. What is the ten thousands digit of f?
1
Let k = 205 + -202. Suppose -q = -k*h + 2*h + 33, 2*q - 132 = -4*h. What is the tens digit of h?
3
Let j(d) = -d**3 + 21*d**2 - 26*d + 15. Let v be j(19). Let s be ((-4)/6 - -1)/((-27)/v). What is the tens digit of (-8)/12*(-198 + s)?
3
Suppose 0 = 3*u + 13*u - 32. Suppose u*g - 52 - 38 = 0. What is the tens digit of g?
4
Let d = 76 - 68. Suppose 0 = y + d*y - 1188. Suppose 3*w + y = 417. What is the tens digit of w?
9
Let q = -239 - -251. Suppose z - 114 = -u, 0 = q*z - 7*z + 5. What is the hundreds digit of u?
1
Suppose 13*n - 1003 - 128 = 0. Let l = 333 + n. What is the hundreds digit of l?
4
Let a(h) = 3*h**2 - 15*h + 12. Let l be a(8). Let r(d) = 5*d**3 + 2*d**2 + 3*d - 7. Let c be r(2). Let f = l - c. What is the units digit of f?
7
Let n(o) = -27*o**3 + 2*o**2 - 4*o - 4. Let m be n(-2). Let z = 322 - m. What is the tens digit of z?
9
Let c(b) = -32*b**3 - 3*b**2 + 26*b - 2. What is the units digit of c(-6)?
6
Suppose 0 = -0*z + 3*z + 4*v - 30573, 0 = -4*z + 2*v + 40764. What is the ten thousands digit of z?
1
Let m(v) = 11 - 10*v + 4*v**2 + 29 + 7*v**2 + 3*v**2 - 8*v**2. What is the tens digit of m(9)?
3
Let o be 7 + 4*(-6)/8 - -68. Suppose -199 = -b - o. What is the hundreds digit of b?
1
Suppose 223*f + b - 259408 = 220*f, -6*b - 259359 = -3*f. What is the ten thousands digit of f?
8
Let g be (10/(-7))/((-28)/98). Let o(p) = 11*p**3 - 30*p**2 - 4*p - 8. What is the tens digit of o(g)?
9
What is the units digit of (-9136 - 44)*19/(-14) + (-12)/(-28)?
9
Let m(o) = -o**3 + 13*o**2 + 16*o - 33. Let s be m(14). What is the units digit of (-520)/s + (-5 - -6)?
5
Suppose 3 = -2*i - 11. Let t(u) be the first derivative of -u**4/4 - 4*u**3/3 + 9*u**2/2 - 4*u + 71. What is the units digit of t(i)?
0
Let m = 22956 + -3485. What is the units digit of m?
1
Let n = 42 - 28. Suppose -d - 2 + n = 0. Suppose 4*u = -4*l - 12, 3*l = u - 1 - d. What is the units digit of u?
1
Let q be 352/12 - (-7)/(-21). Suppose -u + 26 + 2 = 0. Suppose 0 = q*s - u*s - 140. What is the hundreds digit of s?
1
Let z be 48/2*(-2)/(-4). Let a(h) = 4*h**2 - 13*h + 60. What is the hundreds digit of a(z)?
4
Let q = 425 - 119. Let f = -208 + q. What is the tens digit of f?
9
Suppose 0 = 305*y - 307*y + 2040. Suppose -1014*h - 2070 = -y*h. What is the units digit of h?
5
Let a = -1095 + 7436. What is the tens digit of a?
4
What is the thousands digit of ((-36)/144 + (-205737)/(-36))*(-9)/(-2)?
5
Suppose 3*w - 2772 = -2*l, -4*l = -9*w + 6*w - 5508. Suppose 6*g - l = -9*g. What is the tens digit of g?
9
Suppose -2*g - 4 = 4, -5*f + 29360 = 5*g. What is the thousands digit of f?
5
Let r(k) = 1974*k**2 + 74*k + 82. What is the ten thousands digit of r(-4)?
3
Let v(k) = 2*k**3 + 38*k**2 - 24*k + 45. Suppose -7*x + 2*x + 14 = -h, -2*x = 3*h + 59. What is the units digit of v(h)?
1
Let l(h) = 1034*h**2 + 92*h + 175. What is the thousands digit of l(-2)?
4
Let p(s) = -16*s - 152. Let c be p(-11). Let j = 143 - c. What is the hundreds digit of j?
1
Let q(c) = 39*c**2 + 5*c - 6. Let x(o) = 38*o**2 + 6*o - 8. Let h(z) = 6*q(z) - 4*x(z). What is the tens digit of h(1)?
8
Let m be 3/(-12)*2*(6 + -2). Let i be 3 - 1 - 2*m/4. Suppose -2*c = -d + 234, -i*d - 5*c - 181 = -850. What is the units digit of d?
8
Let d(u) = -8*u**2 - 13*u + 8. Let w(y) = 33*y**2 + 52*y - 33. Let s(l) = -9*d(l) - 2*w(l). What is the tens digit of s(5)?
0
Suppose 11 = 4*r + u, 5*u + 18 = -7. Suppose -3*w = 3*a - 3078, 999 = w - r*a - 47. What is the tens digit of w?
3
Suppose 2*f = 3*q - 11282, -15046 = -4*q + 15*f - 14*f. What is the tens digit of q?
6
Let i(t) = 4*t**2 - 5*t - 6. Let v be i(-1). Suppose 0 = -v*b, -2*b + 5*b - 1530 = -5*g. What is the units digit of g?
6
Let b(u) = -8*u + 30. Let c(x) = -2*x**2 - 25*x + 16. Let v be c(-13). Let f be b(v). Suppose f*o = -5*o + 1353. What is the units digit of o?
3
Let j be -2 + (-1 - -5 - 903). Let a = -695 - j. What is the tens digit of a?
0
What is the thousands digit of 10970880/440 - -4*(-4)/(-88)?
4
Let s be -22*(-161)/46*(-335)/7. What is the units digit of s/(-15) - 6/9?
5
Suppose 4 = -4*w - 5*q - 28, 4*w + 3*q + 32 = 0. Let r be (w - 0)/(1 + -3). Suppose 10 + 10 = g - r*s, -2*g + 5*s + 34 = 0. What is the units digit of g?
2
Let p be (-7246)/(-12)*2 + (-8)/(-24). Suppose 4*r = r - 2*q + 1812, 2*r + 5*q = p. What is the hundreds digit of r?
6
Suppose 2087*q + 76650 = 2092*q. What is the tens digit of q?
3
Let s(v) = -v**3 + 23*v**2 - 41*v - 12. Let m be s(21). Let z(h) = 2*h**2 - 13*h + 7. Let j be z(m). Suppose -40 = -2*b + j. What is the units digit of b?
6
Let w(a) = -a**3 - a - 1. Let b(t) = 2*t**3 - 10*t**2 - 5*t - 5. Let r = -40 - -39. Let x(j) = r*b(j) - 3*w(j). What is the units digit of x(-7)?
9
Let h(t) = -83*t - 25. Let u be (-19)/7 + (-36)/126 - 1. What is the tens digit of h(u)?
0
What is the hundreds digit of (1*(-90)/36)/((-4)/35336)?
0
Let t(k) = 27*k**2 + 10*k + 10. Let j be t(-4). Let m = 696 - j. What is the hundreds digit of m?
2
Suppose 3*g = -4 - 2. Let d = g + 19. Suppose -d*p = -18*p + 121. What is the hundreds digit of p?
1
Suppose -2*n = 5*w - 3*w + 10, w + 5 = n. Let o be -5 - -28 - 11 - -265. Suppose 5*i + 2*z - o = 108, n = 4*z. What is the units digit of i?
7
Suppose 5*i + 0 = 10. Suppose -5*x + i = -6*x. Let q = x - -42. What is the units digit of q?
0
Let p(z) = z**3 + 63*z**2 + 33*z + 44. What is the tens digit of p(-52)?
7
Let b(g) = 123*g**2 + 44*g + 706. What is the ten thousands digit of b(-14)?
2
Let h = 11 - 8. Let a be -27 + 93 + 2/(-1). Suppose 4*c = h*c + a. What is the tens digit of c?
6
Suppose -81 = -7*c - 2*c. Suppose 5*n - c - 1 = 0. Suppose -r - v + 50 = 0, n*v - 6 = -16. What is the tens digit of r?
5
Let f(m) = -61*m - 15. Let c(z) = z**3 - 17*z**2 + 9. Let h be c(17). Let j be f(h). What is the tens digit of 2*(j/(-8))/3?
4
Suppose 14*n - 24514 = 40698. What is the hundreds digit of n?
6
Suppose 23*t - 2571 = 718. What is the tens digit of t?
4
Let o = -215 - -257. Suppose 0 = o*q - 41*q - 198. What is the units digit of q?
8
Let a = 63 - -2093. Let y = a - 1391. What is the units digit of y?
5
Let t(x) = 5*x**2 - 8*x - 60. Suppose 5*v - p - 51 = 0, 4*v + 2*p = v + 28. What is the tens digit of t(v)?
6
What is the hundreds digit of 77*(54 + 0 + -5)?
7
Let p = -574 + 878. Let w = 594 - p. What is the hundreds digit of w?
2
Let r(w) = w**3 - 14*w**2 - 30*w + 6. What is the thousands digit of r(26)?
7
Let v = 20 - 10. Let n be 5/v*0/(-1). Suppose 0*s + 2*s - 288 = n. What is the tens digit of s?
4
Let o(l) = 97*l**3 - 6*l**2 + 21*l - 32. Let z be o(2). Let d = z + -693. What is the units digit of d?
9
Let f(a) = 401*a + 5776. What is the thousands digit of f(67)?
2
Suppose 2*s + 659 = 3151. What is the units digit of 7/(-35) + s/5?
9
Let q = 16 - 10. Suppose 0 = 2*x - 10, -11*v + 10 = -16*v - 2*x. What is the tens digit of v/q - 2608/(-24)?
0
Suppose 5*k = -0*k - 60. What is the tens digit of (54 + -44)/((-10)/k)?
1
Suppose 8*s = -203 + 52315. What is the units digit of s?
4
Suppose 3*z = 63 - 51. Suppose 2*b = -2*k + 304, k - z*k = -12. What is the hundreds digit of b?
1
Let p(j) = 15695*j - 1634. What is the ten thousands digit of p(2)?
2
Suppose 11*